1329 is divided by 29?
24
Calculate the remainder when 2963 is divided by 69.
65
Calculate the remainder when 47 is divided by 21.
5
Calculate the remainder when 1248 is divided by 4.
0
What is the remainder when 778 is divided by 12?
10
Calculate the remainder when 159 is divided by 23.
21
Calculate the remainder when 221 is divided by 32.
29
What is the remainder when 681 is divided by 87?
72
Calculate the remainder when 112 is divided by 37.
1
What is the remainder when 3192 is divided by 103?
102
What is the remainder when 382 is divided by 95?
2
Calculate the remainder when 355 is divided by 163.
29
What is the remainder when 182 is divided by 87?
8
What is the remainder when 1593 is divided by 511?
60
What is the remainder when 275 is divided by 81?
32
Calculate the remainder when 2201 is divided by 110.
1
Calculate the remainder when 254 is divided by 52.
46
What is the remainder when 271 is divided by 53?
6
What is the remainder when 255 is divided by 62?
7
What is the remainder when 843 is divided by 15?
3
Calculate the remainder when 959 is divided by 107.
103
Calculate the remainder when 50 is divided by 14.
8
Calculate the remainder when 41 is divided by 5.
1
Calculate the remainder when 150 is divided by 9.
6
What is the remainder when 881 is divided by 81?
71
Calculate the remainder when 765 is divided by 12.
9
What is the remainder when 292 is divided by 42?
40
Calculate the remainder when 1368 is divided by 198.
180
Calculate the remainder when 155 is divided by 57.
41
What is the remainder when 22699 is divided by 50?
49
Calculate the remainder when 264 is divided by 53.
52
Calculate the remainder when 55 is divided by 34.
21
Calculate the remainder when 1127 is divided by 146.
105
What is the remainder when 669 is divided by 28?
25
Calculate the remainder when 7234 is divided by 14.
10
Calculate the remainder when 2664 is divided by 92.
88
What is the remainder when 156 is divided by 27?
21
Calculate the remainder when 188 is divided by 3.
2
Calculate the remainder when 203 is divided by 201.
2
Calculate the remainder when 622 is divided by 268.
86
Calculate the remainder when 1256 is divided by 36.
32
What is the remainder when 95 is divided by 17?
10
What is the remainder when 2417 is divided by 26?
25
Calculate the remainder when 20205 is divided by 94.
89
Calculate the remainder when 30574 is divided by 273.
271
What is the remainder when 74 is divided by 51?
23
Calculate the remainder when 167 is divided by 12.
11
What is the remainder when 67 is divided by 40?
27
What is the remainder when 367 is divided by 34?
27
Calculate the remainder when 408 is divided by 135.
3
What is the remainder when 776 is divided by 26?
22
What is the remainder when 264 is divided by 131?
2
What is the remainder when 1127 is divided by 66?
5
Calculate the remainder when 578 is divided by 302.
276
What is the remainder when 3448 is divided by 23?
21
What is the remainder when 1173 is divided by 28?
25
Calculate the remainder when 424 is divided by 55.
39
What is the remainder when 173 is divided by 85?
3
Calculate the remainder when 122 is divided by 32.
26
Calculate the remainder when 9282 is divided by 28.
14
Calculate the remainder when 3806 is divided by 13.
10
Calculate the remainder when 537 is divided by 261.
15
Calculate the remainder when 5289 is divided by 37.
35
Calculate the remainder when 700 is divided by 222.
34
Calculate the remainder when 383 is divided by 65.
58
Calculate the remainder when 530 is divided by 78.
62
What is the remainder when 191 is divided by 32?
31
Calculate the remainder when 29 is divided by 7.
1
Calculate the remainder when 941 is divided by 21.
17
Calculate the remainder when 754 is divided by 33.
28
What is the remainder when 230 is divided by 92?
46
Calculate the remainder when 6017 is divided by 86.
83
What is the remainder when 523 is divided by 451?
72
Calculate the remainder when 704 is divided by 86.
16
What is the remainder when 282 is divided by 16?
10
Calculate the remainder when 212 is divided by 35.
2
Calculate the remainder when 228 is divided by 21.
18
Calculate the remainder when 263 is divided by 168.
95
Calculate the remainder when 327 is divided by 202.
125
Calculate the remainder when 5253 is divided by 1746.
15
What is the remainder when 406 is divided by 100?
6
What is the remainder when 236 is divided by 24?
20
Calculate the remainder when 314 is divided by 5.
4
What is the remainder when 21 is divided by 21?
0
What is the remainder when 91 is divided by 46?
45
Calculate the remainder when 422 is divided by 65.
32
What is the remainder when 134 is divided by 9?
8
Calculate the remainder when 285 is divided by 75.
60
Calculate the remainder when 107 is divided by 55.
52
What is the remainder when 3414 is divided by 1703?
8
Calculate the remainder when 1177 is divided by 255.
157
What is the remainder when 36 is divided by 3?
0
What is the remainder when 259 is divided by 9?
7
What is the remainder when 746 is divided by 26?
18
What is the remainder when 30 is divided by 17?
13
Calculate the remainder when 200 is divided by 189.
11
Calculate the remainder when 611 is divided by 12.
11
What is the remainder when 24301 is divided by 392?
389
Calculate the remainder when 81 is divided by 16.
1
What is the remainder when 253 is divided by 37?
31
What is the remainder when 1272 is divided by 222?
162
What is the remainder when 8319 is divided by 52?
51
What is the remainder when 49 is divided by 17?
15
Calculate the remainder when 1713 is divided by 132.
129
What is the remainder when 176 is divided by 10?
6
What is the remainder when 79 is divided by 22?
13
Calculate the remainder when 515 is divided by 135.
110
Calculate the remainder when 3594 is divided by 53.
43
Calculate the remainder when 108 is divided by 38.
32
Calculate the remainder when 733 is divided by 225.
58
What is the remainder when 115 is divided by 7?
3
What is the remainder when 71 is divided by 12?
11
Calculate the remainder when 324 is divided by 37.
28
Calculate the remainder when 321 is divided by 13.
9
Calculate the remainder when 3013 is divided by 201.
199
What is the remainder when 2209 is divided by 170?
169
What is the remainder when 789 is divided by 22?
19
Calculate the remainder when 1432 is divided by 205.
202
What is the remainder when 4459 is divided by 36?
31
Calculate the remainder when 120 is divided by 98.
22
What is the remainder when 791 is divided by 50?
41
Calculate the remainder when 121 is divided by 13.
4
Calculate the remainder when 903 is divided by 295.
18
What is the remainder when 5967 is divided by 8?
7
Calculate the remainder when 798 is divided by 16.
14
Calculate the remainder when 1925 is divided by 41.
39
Calculate the remainder when 1866 is divided by 617.
15
Calculate the remainder when 472 is divided by 119.
115
Calculate the remainder when 726 is divided by 240.
6
Calculate the remainder when 79 is divided by 15.
4
Calculate the remainder when 135 is divided by 71.
64
What is the remainder when 746 is divided by 22?
20
Calculate the remainder when 703 is divided by 51.
40
What is the remainder when 123 is divided by 25?
23
What is the remainder when 364 is divided by 106?
46
Calculate the remainder when 129 is divided by 24.
9
Calculate the remainder when 3812 is divided by 254.
2
What is the remainder when 1849 is divided by 37?
36
What is the remainder when 50 is divided by 9?
5
Calculate the remainder when 1213 is divided by 205.
188
What is the remainder when 851 is divided by 73?
48
Calculate the remainder when 754 is divided by 28.
26
Calculate the remainder when 1693 is divided by 357.
265
Calculate the remainder when 355 is divided by 103.
46
What is the remainder when 87 is divided by 55?
32
What is the remainder when 252 is divided by 33?
21
What is the remainder when 249 is divided by 138?
111
What is the remainder when 295 is divided by 49?
1
What is the remainder when 159 is divided by 41?
36
Calculate the remainder when 3145 is divided by 201.
130
What is the remainder when 314 is divided by 15?
14
Calculate the remainder when 1064 is divided by 26.
24
Calculate the remainder when 280 is divided by 254.
26
Calculate the remainder when 946 is divided by 315.
